 divided by r.
16
Let f(l) = -l**3 + 8*l**2 + 5*l. Let y be f(8). Let z = y - 26. What is the remainder when 51 is divided by z?
9
Let o = 17 + -12. Suppose -9*q + o*q + 36 = 0. Suppose -3*c = -30 - q. Calculate the remainder when c is divided by 5.
3
What is the remainder when -2 - 1 - (-2 - 35) is divided by (4 - 0 - -1) + 0/(-2)?
4
Let w(g) = 59*g**2 + g - 1. Let y = 361 - 346. What is the remainder when w(1) is divided by y?
14
Let z(n) = n**3 - 7*n**2 + 7*n + 6. Let m(j) = j**3 - 8*j**2 + 8*j - 10. Let u be m(7). Let k = u - -26. What is the remainder when k is divided by z(6)?
11
Let d = -41 - -58. Let f = d - 12. Suppose 4*k = -20, 0 = 4*v - 3*k - 16 - 11. Calculate the remainder when f is divided by v.
2
Suppose -h + 60 = 4*v, 0 = -5*v + 2*h + 25 + 37. Let z = 92 + -37. Calculate the remainder when z is divided by v.
13
Let x(y) = y**3 - 21*y**2 + 21*y + 63. Calculate the remainder when 161 is divided by x(20).
78
Let a(s) be the second derivative of -s**5/20 + 5*s**4/12 + s**3/2 + 2*s**2 + 2*s. Let y = 100 + -89. Calculate the remainder when a(5) is divided by y.
8
Suppose 0 = 2*y - 1 - 7. Suppose -12 - 16 = -y*n. Calculate the remainder when 24 is divided by n.
3
Let d = 239 - 230. What is the remainder when 115 is divided by d?
7
Let n = 55 + -51. Suppose -2*b - 38 = -n*t, t = -2*t + 5*b + 25. Calculate the remainder when -2 + 1 + 3 - -37 is divided by t.
9
Suppose 3*z = 5 + 10. Let u(o) = 170*o + 2224. What is the remainder when u(-13) is divided by z?
4
Suppose -1 = -4*u + 71. Suppose 0 = -a - 3, -a = 2*v - 3*a - 74. What is the remainder when v is divided by u?
16
Let c = 4 + -27. Let q = -109 + 167. Let i = q + c. What is the remainder when i is divided by 12?
11
Let o be 39/5 + 2/10. Let c = 30 - o. Calculate the remainder when (c/6)/(5/60) is divided by 15.
14
Suppose -3*r = -7*r - b + 213, -b - 105 = -2*r. Let s(k) = 2*k**2 - 23*k + 22. Calculate the remainder when r is divided by s(11).
9
Let d be 32/10 + (-6)/30. Suppose -4*q - 2*y = -14, -3*y = 4*q - 16 - d. Let i = q + 14. What is the remainder when i is divided by 4?
3
Suppose -86 = z + 104. Calculate the remainder when 16/24 + (0 - z/3) is divided by 17.
13
Suppose 30*g = 28*g + 4. Suppose 33 = -q + g*q. What is the remainder when q is divided by 12?
9
Suppose 0 = -3*g - g + 40. Let i = g - 5. Calculate the remainder when 8 is divided by i.
3
Suppose 23 - 113 = -5*k. Suppose -2*u + 2*p + 8 = 0, 3*p - k = -4*u + 33. Suppose -7 = u*w - 10*w. Calculate the remainder when w is divided by 2.
1
Suppose 5*u + 1352 = 227. Let h = -120 - u. Calculate the remainder when 23 is divided by (4/10)/(7/h).
5
Let r = 89 + -83. Let u(y) = y**3 - 7*y**2 + 8*y - 2. What is the remainder when 0 + 2*(-2 + 11) is divided by u(r)?
8
Suppose 0 = 5*z + 6*c - 4*c + 113, -2*z = -5*c + 51. Suppose 4*y = 2*y - 34. Let a = y - z. What is the remainder when 23 is divided by a?
5
Suppose 2*g = -2*g + 304. What is the remainder when g is divided by 11?
10
Let l = 28 + -25. Suppose 2*m = 5*t + 411, -t - 636 = l*m - 6*m. Suppose m + 12 = 3*i. Calculate the remainder when i is divided by 19.
18
Let t(j) = j**3 + 5*j**2 - 23*j - 53. Calculate the remainder when 208 is divided by t(-7).
8
Let q(w) = -w**2 + 6*w + 7. Let p(z) = -2*z**2 + 18*z + 21. Let h(c) = 2*p(c) - 7*q(c). Calculate the remainder when 72 is divided by h(5).
34
Suppose 4*n + 41 = 1. Let i = 93 - 90. Calculate the remainder when i is divided by (-1)/(-2) + n/(-4).
0
Suppose 13 = 2*r - 5. What is the remainder when 142 is divided by (189/35)/(r/60)?
34
Suppose 30*i - 156 = 264. What is the remainder when i is divided by 5?
4
Let c(a) = -2*a**2 - 18*a + 38. Calculate the remainder when 411 is divided by c(-10).
15
Let k(w) = w**3 - 6*w**2 + 9*w - 1. Let u be ((-2)/6 + (-2)/3)*-7. Calculate the remainder when k(6) is divided by 6/(-42) + 99/u.
11
Suppose -12*a + 212 = -136. What is the remainder when a is divided by 12?
5
Let c(d) = d**2 + 4*d + 9. Calculate the remainder when (-3 + 24)*(-24)/(-9) is divided by c(-6).
14
Let z be 16 - (1 - (-2)/2). Let l = z + -3. What is the remainder when (-21)/((-1512)/1280) - 4/(-18) is divided by l?
7
Let a be 1 - (-1 - (5 + 0)). Let j(c) = c**2 - 2*c. What is the remainder when j(a) is divided by 12?
11
Let z = 483 - 471. Suppose 5*t = -4*c + 132, -5*t + 112 = 2*c + 46. What is the remainder when c is divided by z?
9
Let m be 54/42 + (-4)/14. Suppose -u - 3*z - 2 = 6, 0 = 3*z + 15. Calculate the remainder when u is divided by (-1 - m) + 8 + -1.
2
Let f(s) = s**2 - 14*s + 36. Calculate the remainder when 65 is divided by f(3).
2
Let q(f) = -f**2 + 3*f + 2. Let z be q(3). Suppose -2*r - 18 = -2*g, 12 = z*g - 5*r - 3. What is the remainder when 19 is divided by g?
9
Suppose 116*o = 28*o + 32824. What is the remainder when o is divided by 46?
5
Let z(p) = 7*p + 14. What is the remainder when z(10) is divided by 22?
18
Let t(r) = 12*r - 60. What is the remainder when 97 is divided by t(8)?
25
Suppose -s + 26 - 10 = 4*c, -5*s + 29 = 3*c. Suppose c*a = -4*p - 4, -a + p - 8 = 4*p. Calculate the remainder when 26 is divided by (1 - 1) + 3 + a.
5
Suppose -6*w + 5*w = -3*r - 121, -5*w = 3*r - 515. Calculate the remainder when w is divided by 30.
16
Let x = -50 - -53. Suppose -2*q = -4, -a + 2*q - x*q = -85. Let m = 48 + -27. Calculate the remainder when a is divided by m.
20
Let h = -127 - -175. Calculate the remainder when h is divided by 27.
21
Let u(d) = -d**3 - 19*d**2 - 18*d + 20. Let l = 0 + -2. Calculate the remainder when l + (41 - (-2 - -3)) is divided by u(-18).
18
Let a = -182 - -292. What is the remainder when a is divided by 30?
20
Suppose 5*z - 78 = -4*i, 20 = 2*z - i - 19. Let l(x) = -560*x - 490. What is the remainder when l(-1) is divided by z?
16
Let g = -35 - -39. Let s(b) be the first derivative of 5*b**3/3 - b**2/2 + 8*b + 1. Calculate the remainder when s(g) is divided by 29.
26
Suppose 2*s + 1912 = 2174. Let v = 0 + 33. What is the remainder when s is divided by v?
32
Let f(h) = -h + 53. Let u be f(28). Let s = u - 9. What is the remainder when 45 is divided by s?
13
Let d(y) = -2*y + 1. Let q be d(-1). Suppose -w + 26 = 4*a, -5*w + 0*w + q*a + 107 = 0. Calculate the remainder when w is divided by (-175)/(-30) - (5/6 - 1).
4
Suppose 0 = -2*h - 5*b + 3*b + 28, -70 = -5*h + 5*b. Suppose -9*x - 40 = -h*x. What is the remainder when 21 is divided by x?
5
Let w = 15 - 11. Suppose -k = -y + 6, 3*k - 19 = 5*k + 5*y. Let g(n) = n**2 + 6*n + 4. Calculate the remainder when g(k) is divided by w.
3
Suppose o + 3*w + 10 = 3*o, 0 = -o - 2*w + 19. Suppose -3*s - 49 = -257*f + 255*f, -5*f = -5*s - 135. Calculate the remainder when f is divided by o.
10
Let s(x) = 2*x**2 - 2*x + 2. Suppose -5*q + 2 = -13. Calculate the remainder when 23 - 0 - (-1 + -1) is divided by s(q).
11
Suppose 5*z - 2*z - 2*o = 841, -20 = 4*o. What is the remainder when z is divided by 56?
53
Let n(h) = h + 13. Let b be n(-15). What is the remainder when (b/(-4))/((-9)/(-594)) is divided by 9?
6
Suppose 9*f - 11*f = -1634. Calculate the remainder when f/8 + 4/96*-3 is divided by 21.
18
Let i(l) = -l + 9. Let r be i(14). Let q(y) = -y**3 - 5*y**2 - 3*y - 1. Calculate the remainder when 39 is divided by q(r).
11
What is the remainder when ((-2811)/(-33) - 10) + (-2)/11 is divided by 39?
36
Let o be 2 + 3 + -2 + -1. Let z = 24 - o. Calculate the remainder when z is divided by (-1016)/(-84) - (-2)/(-21).
10
Let l = 21 - 5. Let i(v) be the first derivative of -5*v**2/2 - 53*v + 16. What is the remainder when i(-16) is divided by l?
11
Let x = -715 + 762. What is the remainder when 115 is divided by x?
21
Suppose 198 = 8*y + 102. What is the remainder when y is divided by 3?
0
Let p(d) = -d**2 + 12*d - 8. Suppose 4*c = -l + 48, 0*l = -3*c - l + 37. What is the remainder when 3 is divided by p(c)?
0
Let l(v) = 2*v + 24. Let d be ((-4)/6)/(10/15). Let o be d/3 + 3/9. What is the remainder when 69 is divided by l(o)?
21
Let i = 1028 + -997. Suppose 2*y = -3 + 19. Calculate the remainder when i is divided by y.
7
Suppose -20 = -5*j + 5. Suppose -4*x + 2*x + 5*r = 12, 0 = 3*x + j*r - 32. Suppose x*z - 123 = 1. Calculate the remainder when z is divided by 16.
15
Let g = 4 + 4. Let j = 21 + -47. Let m = 31 + j. What is the remainder when g is d